{"id":2834,"date":"2023-09-20T09:05:16","date_gmt":"2023-09-20T09:05:16","guid":{"rendered":"https:\/\/teledeskgroup.be\/vacature\/projectmedewerker\/"},"modified":"2025-02-26T11:51:13","modified_gmt":"2025-02-26T11:51:13","slug":"charge-de-projet","status":"publish","type":"vacature","link":"https:\/\/teledeskgroup.be\/fr\/vacature\/charge-de-projet\/","title":{"rendered":"Charg\u00e9 de projet"},"excerpt":{"rendered":"<p>Nous recherchons un charg\u00e9 de projet pour suivre les projets de nos clients dans le domaine de la t\u00e9l\u00e9phonie et de l&rsquo;administration. Vous souhaitez rejoindre notre \u00e9quipe ? Sollicitez maintenant !<\/p>\n","protected":false},"template":"","class_list":["post-2834","vacature","type-vacature","status-publish","hentry"],"acf":[],"yoast_head":"<!-- This site is optimized with the Yoast SEO plugin v27.5 - https:\/\/yoast.com\/product\/yoast-seo-wordpress\/ -->\n<title>Charg\u00e9 de projet - Teledesk<\/title>\n<meta name=\"description\" content=\"Nous recherchons un charg\u00e9 de projet pour suivre les projets de nos clients dans le domaine de la t\u00e9l\u00e9phonie et de l&#039;administration. Vous souhaitez rejoindre notre \u00e9quipe ?Sollicitez maintenant !\" \/>\n<meta name=\"robots\" content=\"index, follow, max-snippet:-1, max-image-preview:large, max-video-preview:-1\" \/>\n<link rel=\"canonical\" href=\"https:\/\/teledeskgroup.be\/fr\/vacature\/charge-de-projet\/\" \/>\n<meta property=\"og:locale\" content=\"fr_FR\" \/>\n<meta property=\"og:type\" content=\"article\" \/>\n<meta property=\"og:title\" content=\"Charg\u00e9 de projet - Teledesk\" \/>\n<meta property=\"og:description\" content=\"Nous recherchons un charg\u00e9 de projet pour suivre les projets de nos clients dans le domaine de la t\u00e9l\u00e9phonie et de l&#039;administration. Vous souhaitez rejoindre notre \u00e9quipe ?Sollicitez maintenant !\" \/>\n<meta property=\"og:url\" content=\"https:\/\/teledeskgroup.be\/fr\/vacature\/charge-de-projet\/\" \/>\n<meta property=\"og:site_name\" content=\"Teledesk\" \/>\n<meta property=\"article:modified_time\" content=\"2025-02-26T11:51:13+00:00\" \/>\n<meta name=\"twitter:card\" content=\"summary_large_image\" \/>\n<script type=\"application\/ld+json\" class=\"yoast-schema-graph\">{\"@context\":\"https:\\\/\\\/schema.org\",\"@graph\":[{\"@type\":\"WebPage\",\"@id\":\"https:\\\/\\\/teledeskgroup.be\\\/fr\\\/vacature\\\/charge-de-projet\\\/\",\"url\":\"https:\\\/\\\/teledeskgroup.be\\\/fr\\\/vacature\\\/charge-de-projet\\\/\",\"name\":\"Charg\u00e9 de projet - Teledesk\",\"isPartOf\":{\"@id\":\"https:\\\/\\\/teledeskgroup.be\\\/#website\"},\"datePublished\":\"2023-09-20T09:05:16+00:00\",\"dateModified\":\"2025-02-26T11:51:13+00:00\",\"description\":\"Nous recherchons un charg\u00e9 de projet pour suivre les projets de nos clients dans le domaine de la t\u00e9l\u00e9phonie et de l'administration. Vous souhaitez rejoindre notre \u00e9quipe ?Sollicitez maintenant !\",\"breadcrumb\":{\"@id\":\"https:\\\/\\\/teledeskgroup.be\\\/fr\\\/vacature\\\/charge-de-projet\\\/#breadcrumb\"},\"inLanguage\":\"fr-FR\",\"potentialAction\":[{\"@type\":\"ReadAction\",\"target\":[\"https:\\\/\\\/teledeskgroup.be\\\/fr\\\/vacature\\\/charge-de-projet\\\/\"]}]},{\"@type\":\"BreadcrumbList\",\"@id\":\"https:\\\/\\\/teledeskgroup.be\\\/fr\\\/vacature\\\/charge-de-projet\\\/#breadcrumb\",\"itemListElement\":[{\"@type\":\"ListItem\",\"position\":1,\"name\":\"Home\",\"item\":\"https:\\\/\\\/teledeskgroup.be\\\/fr\\\/\"},{\"@type\":\"ListItem\",\"position\":2,\"name\":\"Vacature\",\"item\":\"https:\\\/\\\/teledeskgroup.be\\\/fr\\\/vacature\\\/\"},{\"@type\":\"ListItem\",\"position\":3,\"name\":\"Charg\u00e9 de projet\"}]},{\"@type\":\"WebSite\",\"@id\":\"https:\\\/\\\/teledeskgroup.be\\\/#website\",\"url\":\"https:\\\/\\\/teledeskgroup.be\\\/\",\"name\":\"Teledesk\",\"description\":\"En nog een WordPress website\",\"potentialAction\":[{\"@type\":\"SearchAction\",\"target\":{\"@type\":\"EntryPoint\",\"urlTemplate\":\"https:\\\/\\\/teledeskgroup.be\\\/?s={search_term_string}\"},\"query-input\":{\"@type\":\"PropertyValueSpecification\",\"valueRequired\":true,\"valueName\":\"search_term_string\"}}],\"inLanguage\":\"fr-FR\"}]}<\/script>\n<!-- \/ Yoast SEO plugin. -->","yoast_head_json":{"title":"Charg\u00e9 de projet - Teledesk","description":"Nous recherchons un charg\u00e9 de projet pour suivre les projets de nos clients dans le domaine de la t\u00e9l\u00e9phonie et de l'administration. Vous souhaitez rejoindre notre \u00e9quipe ?Sollicitez maintenant !","robots":{"index":"index","follow":"follow","max-snippet":"max-snippet:-1","max-image-preview":"max-image-preview:large","max-video-preview":"max-video-preview:-1"},"canonical":"https:\/\/teledeskgroup.be\/fr\/vacature\/charge-de-projet\/","og_locale":"fr_FR","og_type":"article","og_title":"Charg\u00e9 de projet - Teledesk","og_description":"Nous recherchons un charg\u00e9 de projet pour suivre les projets de nos clients dans le domaine de la t\u00e9l\u00e9phonie et de l'administration. Vous souhaitez rejoindre notre \u00e9quipe ?Sollicitez maintenant !","og_url":"https:\/\/teledeskgroup.be\/fr\/vacature\/charge-de-projet\/","og_site_name":"Teledesk","article_modified_time":"2025-02-26T11:51:13+00:00","twitter_card":"summary_large_image","schema":{"@context":"https:\/\/schema.org","@graph":[{"@type":"WebPage","@id":"https:\/\/teledeskgroup.be\/fr\/vacature\/charge-de-projet\/","url":"https:\/\/teledeskgroup.be\/fr\/vacature\/charge-de-projet\/","name":"Charg\u00e9 de projet - Teledesk","isPartOf":{"@id":"https:\/\/teledeskgroup.be\/#website"},"datePublished":"2023-09-20T09:05:16+00:00","dateModified":"2025-02-26T11:51:13+00:00","description":"Nous recherchons un charg\u00e9 de projet pour suivre les projets de nos clients dans le domaine de la t\u00e9l\u00e9phonie et de l'administration. Vous souhaitez rejoindre notre \u00e9quipe ?Sollicitez maintenant !","breadcrumb":{"@id":"https:\/\/teledeskgroup.be\/fr\/vacature\/charge-de-projet\/#breadcrumb"},"inLanguage":"fr-FR","potentialAction":[{"@type":"ReadAction","target":["https:\/\/teledeskgroup.be\/fr\/vacature\/charge-de-projet\/"]}]},{"@type":"BreadcrumbList","@id":"https:\/\/teledeskgroup.be\/fr\/vacature\/charge-de-projet\/#breadcrumb","itemListElement":[{"@type":"ListItem","position":1,"name":"Home","item":"https:\/\/teledeskgroup.be\/fr\/"},{"@type":"ListItem","position":2,"name":"Vacature","item":"https:\/\/teledeskgroup.be\/fr\/vacature\/"},{"@type":"ListItem","position":3,"name":"Charg\u00e9 de projet"}]},{"@type":"WebSite","@id":"https:\/\/teledeskgroup.be\/#website","url":"https:\/\/teledeskgroup.be\/","name":"Teledesk","description":"En nog een WordPress website","potentialAction":[{"@type":"SearchAction","target":{"@type":"EntryPoint","urlTemplate":"https:\/\/teledeskgroup.be\/?s={search_term_string}"},"query-input":{"@type":"PropertyValueSpecification","valueRequired":true,"valueName":"search_term_string"}}],"inLanguage":"fr-FR"}]}},"_links":{"self":[{"href":"https:\/\/teledeskgroup.be\/fr\/wp-json\/wp\/v2\/vacature\/2834","targetHints":{"allow":["GET"]}}],"collection":[{"href":"https:\/\/teledeskgroup.be\/fr\/wp-json\/wp\/v2\/vacature"}],"about":[{"href":"https:\/\/teledeskgroup.be\/fr\/wp-json\/wp\/v2\/types\/vacature"}],"wp:attachment":[{"href":"https:\/\/teledeskgroup.be\/fr\/wp-json\/wp\/v2\/media?parent=2834"}],"curies":[{"name":"wp","href":"https:\/\/api.w.org\/{rel}","templated":true}]}}

Chargé de projet

<p>Nous recherchons un chargé de projet pour suivre les projets de nos clients dans le domaine de la téléphonie et de l&rsquo;administration. Vous souhaitez rejoindre notre équipe ? Sollicitez maintenant !</p>

<!-- This site is optimized with the Yoast SEO plugin v27.5 - https://yoast.com/product/yoast-seo-wordpress/ -->
<title>Chargé de projet - Teledesk</title>
<meta name="description" content="Nous recherchons un chargé de projet pour suivre les projets de nos clients dans le domaine de la téléphonie et de l&#039;administration. Vous souhaitez rejoindre notre équipe ?Sollicitez maintenant !" />
<meta name="robots" content="index, follow, max-snippet:-1, max-image-preview:large, max-video-preview:-1" />
<link rel="canonical" href="https://teledeskgroup.be/fr/vacature/charge-de-projet/" />
<meta property="og:locale" content="fr_FR" />
<meta property="og:type" content="article" />
<meta property="og:title" content="Chargé de projet - Teledesk" />
<meta property="og:description" content="Nous recherchons un chargé de projet pour suivre les projets de nos clients dans le domaine de la téléphonie et de l&#039;administration. Vous souhaitez rejoindre notre équipe ?Sollicitez maintenant !" />
<meta property="og:url" content="https://teledeskgroup.be/fr/vacature/charge-de-projet/" />
<meta property="og:site_name" content="Teledesk" />
<meta property="article:modified_time" content="2025-02-26T11:51:13+00:00" />
<meta name="twitter:card" content="summary_large_image" />
<script type="application/ld+json" class="yoast-schema-graph">{"@context":"https:\/\/schema.org","@graph":[{"@type":"WebPage","@id":"https:\/\/teledeskgroup.be\/fr\/vacature\/charge-de-projet\/","url":"https:\/\/teledeskgroup.be\/fr\/vacature\/charge-de-projet\/","name":"Chargé de projet - Teledesk","isPartOf":{"@id":"https:\/\/teledeskgroup.be\/#website"},"datePublished":"2023-09-20T09:05:16+00:00","dateModified":"2025-02-26T11:51:13+00:00","description":"Nous recherchons un chargé de projet pour suivre les projets de nos clients dans le domaine de la téléphonie et de l'administration. Vous souhaitez rejoindre notre équipe ?Sollicitez maintenant !","breadcrumb":{"@id":"https:\/\/teledeskgroup.be\/fr\/vacature\/charge-de-projet\/#breadcrumb"},"inLanguage":"fr-FR","potentialAction":[{"@type":"ReadAction","target":["https:\/\/teledeskgroup.be\/fr\/vacature\/charge-de-projet\/"]}]},{"@type":"BreadcrumbList","@id":"https:\/\/teledeskgroup.be\/fr\/vacature\/charge-de-projet\/#breadcrumb","itemListElement":[{"@type":"ListItem","position":1,"name":"Home","item":"https:\/\/teledeskgroup.be\/fr\/"},{"@type":"ListItem","position":2,"name":"Vacature","item":"https:\/\/teledeskgroup.be\/fr\/vacature\/"},{"@type":"ListItem","position":3,"name":"Chargé de projet"}]},{"@type":"WebSite","@id":"https:\/\/teledeskgroup.be\/#website","url":"https:\/\/teledeskgroup.be\/","name":"Teledesk","description":"En nog een WordPress website","potentialAction":[{"@type":"SearchAction","target":{"@type":"EntryPoint","urlTemplate":"https:\/\/teledeskgroup.be\/?s={search_term_string}"},"query-input":{"@type":"PropertyValueSpecification","valueRequired":true,"valueName":"search_term_string"}}],"inLanguage":"fr-FR"}]}</script>
<!-- / Yoast SEO plugin. -->

Chargé de projet - Teledesk

Nous recherchons un chargé de projet pour suivre les projets de nos clients dans le domaine de la téléphonie et de l'administration. Vous souhaitez rejoindre notre équipe ?Sollicitez maintenant !
